and 32?
32
Calculate the highest common divisor of 459 and 17.
17
Calculate the highest common factor of 1776 and 64.
16
What is the highest common factor of 6 and 18?
6
What is the highest common divisor of 64 and 2368?
64
What is the greatest common factor of 9 and 27?
9
What is the highest common factor of 80 and 6280?
40
What is the highest common factor of 18548 and 8?
4
Calculate the greatest common factor of 2278 and 34.
34
Calculate the highest common divisor of 20001 and 177.
177
What is the greatest common divisor of 54 and 4626?
18
What is the highest common factor of 405 and 75?
15
What is the greatest common divisor of 516 and 58566?
258
What is the highest common divisor of 46 and 345?
23
What is the greatest common divisor of 5 and 1145?
5
Calculate the greatest common divisor of 35 and 112.
7
Calculate the greatest common divisor of 140 and 5215.
35
Calculate the highest common factor of 10464 and 384.
96
What is the greatest common divisor of 13 and 923?
13
What is the greatest common factor of 182 and 6986?
14
Calculate the highest common factor of 138 and 897.
69
Calculate the greatest common divisor of 13 and 1.
1
What is the highest common divisor of 1377 and 972?
81
Calculate the highest common divisor of 105 and 168.
21
What is the greatest common divisor of 22 and 9262?
22
Calculate the highest common divisor of 40 and 100.
20
What is the highest common factor of 184 and 322?
46
What is the greatest common factor of 1208 and 72?
8
Calculate the highest common divisor of 102 and 2958.
102
Calculate the greatest common factor of 7 and 980.
7
Calculate the greatest common divisor of 550 and 22.
22
What is the highest common divisor of 18 and 114?
6
What is the greatest common factor of 9 and 45?
9
Calculate the greatest common factor of 80 and 112.
16
Calculate the highest common divisor of 774 and 18.
18
Calculate the greatest common divisor of 1880 and 280.
40
What is the greatest common factor of 170 and 1938?
34
Calculate the highest common factor of 69730 and 190.
190
Calculate the greatest common factor of 2244 and 330.
66
What is the highest common divisor of 39 and 5889?
39
Calculate the greatest common divisor of 19 and 1083.
19
What is the highest common factor of 58 and 4379?
29
What is the greatest common divisor of 476 and 595?
119
What is the highest common factor of 1080 and 18?
18
What is the highest common divisor of 12 and 642?
6
Calculate the greatest common factor of 36 and 468.
36
Calculate the greatest common divisor of 3 and 2049.
3
What is the highest common factor of 45 and 65?
5
Calculate the highest common factor of 442 and 416.
26
Calculate the highest common factor of 176 and 92.
4
What is the highest common factor of 3 and 489?
3
Calculate the highest common factor of 85 and 1360.
85
What is the greatest common factor of 110 and 286?
22
What is the highest common divisor of 1332 and 144?
36
What is the highest common factor of 2414 and 426?
142
What is the highest common divisor of 1419 and 22?
11
What is the greatest common divisor of 40 and 50?
10
What is the highest common divisor of 380 and 836?
76
What is the greatest common factor of 221 and 26?
13
What is the greatest common divisor of 418 and 11?
11
What is the greatest common factor of 702 and 26?
26
What is the highest common divisor of 21 and 581?
7
Calculate the highest common divisor of 456 and 49704.
456
Calculate the greatest common divisor of 12 and 156.
12
Calculate the greatest common factor of 1897 and 49.
7
What is the greatest common divisor of 19 and 76?
19
What is the greatest common divisor of 7 and 13979?
7
Calculate the greatest common factor of 188 and 3243.
47
What is the greatest common factor of 36 and 99?
9
Calculate the highest common factor of 68 and 3604.
68
Calculate the highest common divisor of 1 and 97.
1
Calculate the greatest common factor of 270 and 7290.
270
Calculate the highest common divisor of 187 and 136.
17
What is the greatest common divisor of 517 and 376?
47
Calculate the greatest common factor of 109 and 1744.
109
Calculate the greatest common factor of 66 and 143.
11
Calculate the highest common divisor of 52 and 65.
13
Calculate the greatest common divisor of 225 and 315.
45
Calculate the greatest common factor of 3808 and 408.
136
What is the highest common factor of 1980 and 288?
36
What is the highest common divisor of 131498 and 74?
74
What is the highest common divisor of 224 and 168?
56
Calculate the highest common factor of 12 and 740.
4
What is the greatest common factor of 69 and 19941?
69
Calculate the highest common divisor of 913 and 11.
11
Calculate the highest common divisor of 8 and 152.
8
What is the highest common divisor of 192 and 1056?
96
Calculate the greatest common divisor of 127 and 1.
1
What is the highest common divisor of 18 and 6?
6
Calculate the highest common factor of 4469 and 369.
41
What is the greatest common divisor of 3094 and 364?
182
What is the highest common factor of 74 and 481?
37
Calculate the highest common factor of 5391 and 9.
9
Calculate the greatest common divisor of 1192 and 8.
8
Calculate the greatest common divisor of 24 and 88.
8
Calculate the highest common factor of 20 and 7880.
20
What is the highest common factor of 1390 and 13?
1
Calculate the greatest common factor of 633 and 9.
3
What is the greatest common divisor of 56 and 35?
7
Calculate the highest common divisor of 8282 and 164.
82
What is the highest common factor of 38 and 2584?
38
What is the highest common factor of 42 and 3885?
21
Calculate the highest common factor of 11 and 21230.
11
What is the highest common factor of 38430 and 105?
105
Calculate the greatest common factor of 822 and 282.
6
Calculate the highest common divisor of 102 and 170.
34
Calculate the greatest common divisor of 1299 and 3.
3
What is the greatest common divisor of 26 and 10322?
26
Calculate the highest common factor of 231 and 858.
33
What is the greatest common factor of 1952 and 40?
8
Calculate the highest common factor of 77 and 407.
11
What is the highest common divisor of 546 and 2574?
78
Calculate the greatest common factor of 8 and 483.
1
Calculate the highest common divisor of 1646 and 6.
2
Calculate the highest common factor of 74 and 148.
74
Calculate the highest common factor of 16 and 76.
4
Calculate the greatest common divisor of 283 and 2.
1
Calculate the highest common factor of 515 and 15.
5
What is the greatest common factor of 52 and 60?
4
What is the highest common factor of 765 and 855?
45
Calculate the greatest common factor of 7 and 14791.
7
Calculate the highest common factor of 219 and 949.
73
What is the greatest common factor of 37 and 2?
1
What is the greatest common factor of 13 and 16601?
13
Calculate the highest common divisor of 690 and 64.
2
Calculate the greatest common factor of 22 and 638.
22
Calculate the greatest common factor of 999 and 888.
111
What is the highest common divisor of 417 and 15?
3
Calculate the greatest common divisor of 12 and 96.
12
Calculate the highest common divisor of 68 and 204.
68
What is the greatest common factor of 888 and 300?
12
Calculate the highest common divisor of 66 and 18.
6
Calculate the highest common divisor of 5974 and 58.
58
What is the greatest common divisor of 64 and 8?
8
Calculate the highest common factor of 768 and 564.
12
Calculate the highest common divisor of 80 and 200.
40
Calculate the greatest common factor of 680 and 720.
40
Calculate the greatest common factor of 560 and 10528.
112
Calculate the highest common divisor of 336 and 140.
28
What is the greatest common factor of 16 and 328?
8
What is the highest common factor of 2352 and 96?
48
What is the greatest common divisor of 46 and 1058?
46
What is the greatest common divisor of 235 and 188?
47
What is the highest common divisor of 150 and 10?
10
Calculate the highest common factor of 89 and 267.
89
Calculate the greatest common factor of 5489 and 11.
11
Calculate the greatest common divisor of 62 and 155.
31
Calculate the greatest common divisor of 8183 and 668.
167
What is the greatest common divisor of 1450 and 300?
50
What is the greatest common factor of 154 and 143?
11
What is the greatest common factor of 8804 and 1420?
284
What is the high